+ 12/8)?
2
Suppose -3*q + 0*k + k + 6390 = 0, 4*k = -3*q + 6390. What is the thousands digit of q?
2
Let l be (13 - 112)*(2 + -1). Let o = -57 - l. What is the tens digit of o?
4
Suppose -7064 = -5*z + h, 56*z - 54*z - 4*h = 2822. What is the units digit of z?
3
Suppose l + 17 = -4*d, 5*d + 3 + 34 = 4*l. Suppose l*f + 16 = 5*f. Let p = 18 - f. What is the units digit of p?
0
Let t be -123 - 1*(0 - 2). Let x = t + 254. Suppose 2*g = 3*d + x, 5*g = -0*g - 3*d + 301. What is the tens digit of g?
6
Let n(r) = r**2 - 4*r - 2. Let w be n(5). Let v(q) = -3 - 2 - 19*q + w - 1. What is the tens digit of v(-2)?
3
Let x(l) = 2*l**2 + 15*l - 55. What is the tens digit of x(7)?
4
Suppose 39*j = -8*j + 2444. What is the units digit of j?
2
Suppose -5*k + x + 1402 = -3*x, 2 = x. Suppose -k*d = -285*d + 285. What is the units digit of d?
5
Let c(u) = u**2 + 5*u - 6. Let m be c(-5). What is the units digit of (m/(-4))/((-24)/(-416))?
6
Let d be (-9 + 0)*(11 - 9). Let k be d/(-15)*(21 - 1). Let u = k - 2. What is the units digit of u?
2
Let f be (-14)/(-21) - (-10)/3. Let n(g) = 5 + 16*g**2 - 5 + 3*g + 1 - f. What is the tens digit of n(-2)?
5
Let d = -44 - -6. Let b = d - -103. What is the tens digit of b?
6
Suppose 2*m - 492 = 98. What is the tens digit of m?
9
Let u = -87 - -348. Suppose 12*l - u - 999 = 0. What is the tens digit of l?
0
Let p(z) = -3*z + 289. What is the units digit of p(0)?
9
Let o = 8309 - 4767. What is the tens digit of o?
4
Suppose -y - 20 = 5*r - 10*r, 0 = y + 5*r - 20. Let x(h) = -2*h**2 + y*h**2 - 2 + 3*h - 2 - h**3. What is the units digit of x(-4)?
6
Suppose -2*b - 2*s - 2*s = 184, -s = -3*b - 276. Let j = b + 123. What is the tens digit of j?
3
Suppose -2*w - 5 = 3*w, -j + 4 = -w. Suppose -2*d = -4*x - 194, 0 = -5*d - j*x + 92 + 367. What is the units digit of d?
3
Suppose 0 = x + 4*x + 2*i - 4575, 5*x - 4575 = -5*i. What is the tens digit of x?
1
Let n(r) = r**2 + 14*r + 5. Let y be n(-15). Suppose -2*t = j - 53, 4*j + y - 154 = -5*t. What is the units digit of t?
6
Suppose f - 23 - 154 = 0. Suppose 5*k = -d + 44, 5*d - f - 91 = -k. What is the units digit of d?
4
Let b(l) = -l**2 - l - 2. Let h be b(-4). Let t(g) = g**2 - 11*g - 11. Let q be t(15). What is the tens digit of h/q - (-172)/14?
1
Let b = -21 + 809. What is the hundreds digit of b?
7
Let y = -571 + 859. What is the tens digit of y?
8
Let x = 25 + -28. What is the units digit of (x + 1)*-7*6?
4
Suppose -s + 28 = -5*r - 5*s, 2 = -s. Suppose 0 = 10*j - 5*j - 10. What is the units digit of (j/r - -1)*8?
4
Suppose -101 = -4*a + 5*z, 2*a = -3*a + 5*z + 125. What is the tens digit of a?
2
What is the tens digit of -14*(30459/(-22))/13?
9
Let d = 22 + -12. Let c = -20 + d. Let f(k) = -k**2 - 15*k - 10. What is the units digit of f(c)?
0
Let v = 112 - -183. Let o = v - 150. Suppose -3*c = -5*h + 142, 3*h + 55 = 3*c + o. What is the units digit of h?
6
Let l(x) = x - 14. Let s be l(0). Let u be (-9866)/(-14) - 4/s. What is the units digit of u/30 + 1/(-2)?
3
Let o(n) = -17*n - 5335. Let f(j) = -9*j - 2668. Let r(u) = 11*f(u) - 6*o(u). Let p be r(0). What is the tens digit of p/55 + 4/(-10)?
4
Suppose 18*a = 7898 + 12784. What is the thousands digit of a?
1
Let b be (180/50)/((-1)/(-130)). Suppose -8*x + 12*x = b. What is the hundreds digit of x?
1
Let g(q) = -q**2 - 10*q + 3. Let c(k) = 9*k**3 - k**2 + k - 1. Let d be c(1). Suppose -2*m - 6 = d. What is the tens digit of g(m)?
2
Suppose 2*c + 3*j - 5*j = -468, -c - 3*j = 238. Let g = c - -387. What is the hundreds digit of g?
1
Let y(u) = u**3 - 2*u**2 + 2*u - 63. Let q be y(0). Let n = 6 - q. What is the tens digit of n?
6
Let i = -7042 - -10885. What is the thousands digit of i?
3
Let n(v) be the first derivative of v**4/4 + 10*v**3/3 + 13*v**2/2 - 10*v - 28. What is the tens digit of n(-7)?
4
Suppose 0 = y + 2*a + 4 + 3, 4*a + 4 = 0. Let c(h) = 5*h**2 + 4*h - 15. What is the tens digit of c(y)?
9
Let o = 5104 - 3380. What is the thousands digit of o?
1
Let v = 29 + -24. Suppose 308 = 2*h + 2*a - 4*a, 0 = -3*h + v*a + 470. Suppose -h = 8*d - 11*d. What is the tens digit of d?
5
Suppose -4*v = -2*v + 3*h - 16, -2*v - 5*h = -20. Suppose r = k + 2*r - 18, -k = v*r - 26. Suppose -2*i + 6*i = k. What is the units digit of i?
4
Let y(b) = 14*b**3 - 27*b**2 + 61*b - 23. What is the hundreds digit of y(8)?
9
Let j(k) = 8*k - 20 + k + 0*k. What is the tens digit of j(9)?
6
Let p = -979 + 1308. What is the tens digit of p?
2
Suppose 0*r - 5*r + 15 = 0. Suppose 0 = -r*k - k - 4. What is the units digit of -6 + 3 - 19*k?
6
Let p(k) = -3*k**2 - 9*k - 10. Let b(o) = 7*o**2 + 18*o + 20. Let m(g) = -4*b(g) - 9*p(g). Let q be m(9). What is the units digit of 36/q*(-20)/(-6)?
2
Suppose -2*l - 64 = -6*l. Let h(z) = z**3 - 15*z**2 - 12*z - 20. What is the units digit of h(l)?
4
Let a = 3 + -1. Suppose 0 = 5*n - 12 + a, 0 = -p + 3*n + 82. Suppose 2*j = 3*k - p, -59 = -3*k + k + j. What is the tens digit of k?
3
Let k(v) = v**3 + v**2 - 4*v + 1132. What is the units digit of k(0)?
2
What is the tens digit of 651/5 + 1/(-5)?
3
Let m = -26 - -5. What is the units digit of (105/9)/(-5)*m?
9
Let g(u) = -u**3 - 14*u**2 + 39*u - 14. What is the units digit of g(-19)?
0
Let f(a) = -2*a - 33. Let k be f(-17). What is the tens digit of 462/9 + k/(-3)?
5
Let n = 2358 + 1372. What is the units digit of n?
0
Let l be 1040/15 - -2*2/6. Suppose y = -i + l, 3*i + i + y = 268. What is the tens digit of i?
6
Let s(p) = 2*p**3 + 3*p**2 - 7*p - 60. What is the tens digit of s(10)?
7
Let i = 14 + -4. Suppose -2*m - 296 = -i*m. What is the units digit of 10/8*(m + 7)?
5
What is the tens digit of -152 + 161 - (1 + -3212)?
2
Suppose 15*z - 238 = -2*z. Let x(b) = 16*b. What is the tens digit of x(z)?
2
Let o(w) be the second derivative of 0 + w + 5/6*w**3 - w**2 + 1/4*w**4. What is the tens digit of o(3)?
4
What is the units digit of 2*(-2)/20 - 57392/(-85)?
5
What is the tens digit of (-12570)/(-4) - 93/(-186)?
4
Suppose 388 = -b + 5*b + 3*t, 3*b - 2*t - 308 = 0. Suppose -h - 27 + b = 0. What is the units digit of h?
3
Let m be (4/(-10))/(1/(-5)). Suppose -g - 1 = 2*r, 3*r - r = 2*g - 10. Suppose g*u + m = 29. What is the units digit of u?
9
Suppose 8*h + 3725 = 5*v + 3*h, -2*h - 6 = 0. What is the hundreds digit of v?
7
Let c(o) = o**3 - o**2 - 8*o - 2. Let q be c(3). What is the tens digit of (1002/8 - 2) + 2/q?
2
Suppose 4*o + 6*o = 3390. What is the hundreds digit of o?
3
Let r = 135 - -505. What is the hundreds digit of r?
6
Suppose -5*n + 22145 = 3*s, 250*s + 8857 = 2*n + 251*s. What is the units digit of n?
6
Let a = -106 + 101. What is the units digit of -1 - (a - -6 - 3)?
1
Let x(j) = 2*j**2 + 6*j + 7. Let q = 1 - -6. Let o be 14/(-3) + q/(-21). What is the tens digit of x(o)?
2
Let y = 20 + -16. Suppose -4*o = -2*o + 4*n + y, -5*o - 5*n - 5 = 0. What is the tens digit of 165/(-20)*(o + -4)?
3
Let o be 2/(-6) - (-64)/12. Suppose 162 = 4*y - o*m, -y - 2*y + 116 = -m. What is the units digit of y?
8
Let c(g) = 3*g**2. Let n be c(1). Suppose -b - j + 4 = -0*j, 0 = -5*j + 25. What is the units digit of (0 + b)/(n/(-15))?
5
Let a be 16/136 - (-4)/(-34). Suppose a*h + 2*o + 78 = 2*h, -4*o = 2*h - 84. What is the tens digit of h?
4
Let x be 1/(3/((-30)/(-2))). Suppose -x*i = -2*z + 479, -z - 1209 = -6*z + i. What is the hundreds digit of z?
2
Suppose 0 = -17*y - 4626 + 12055. What is the hundreds digit of y?
4
Suppose 5*t = -g + t - 25, -3*g - 25 = 2*t. Let m = g + 5. Suppose m = -f - 5*d + 31, -4*d = f - 0*d - 31. What is the tens digit of f?
3
Let h(f) = f**3 + 7*f**2 - 10*f. Let r be h(-8). Suppose 19*a = r*a + 318. What is the hundreds digit of a?
1
Suppose 40*h - 6953 = 23*h. What is the tens digit of h?
0
Suppose 968 = 5*n - b, -n + 187 = 3*b - b. Suppose x - 4*u = 2*x - 69, -3*u - n = -2*x. What is the units digit of x?
9
Let d(n) = -n**2 + 10*n - 3. Suppose 0*o - 5*o - 2*j = -51, -30 = -4*o + 2*j. Let f be d(o). What is the units digit of (1/(-1))/(f/(-114))?
9
Let v = 3642 - 819. What is the units digit of v?
3
Let u = 77 + 360. What is the units digit of u?
7
Let h(u) = -4*u + 10. Let n be h(-6). Suppose 7 + n = s - 5*y, -s - 3*y = -41. What is the units digit of s?
1
Suppose -33*j - 680 = -37*j. Suppose -46*f = -44*f - j. What is the tens digit of f?
